{"id":3835,"date":"2021-03-12T08:15:12","date_gmt":"2021-03-12T07:15:12","guid":{"rendered":"https:\/\/www.repair-tools.de\/product\/2-saugfuesse-mit-halter-fuer-frontscheiben-austausch\/"},"modified":"2025-12-04T13:47:00","modified_gmt":"2025-12-04T12:47:00","slug":"2-saugfuesse-mit-halter-fuer-frontscheiben-austausch","status":"publish","type":"product","link":"https:\/\/hzdgruppe.de\/Repair-Tools\/produkt\/2-saugfuesse-mit-halter-fuer-frontscheiben-austausch\/","title":{"rendered":"HBC 2 Saugf\u00fc\u00dfe (mit Halter) f\u00fcr Frontscheiben-Austausch"},"content":{"rendered":"","protected":false},"excerpt":{"rendered":"<p>2 Saugn\u00e4pfe zur Montage der Windschutzscheibe<\/p>\n","protected":false},"featured_media":4092,"template":"","meta":[],"product_brand":[392],"product_cat":[246],"product_tag":[],"class_list":{"0":"post-3835","1":"product","2":"type-product","3":"status-publish","4":"has-post-thumbnail","6":"product_brand-hbc-system","7":"product_cat-glas-reparatur","8":"pa_brand-hbc-system","10":"first","11":"instock","12":"taxable","13":"shipping-taxable","14":"purchasable","15":"product-type-simple"},"_links":{"self":[{"href":"https:\/\/hzdgruppe.de\/Repair-Tools\/wp-json\/wp\/v2\/product\/3835","targetHints":{"allow":["GET"]}}],"collection":[{"href":"https:\/\/hzdgruppe.de\/Repair-Tools\/wp-json\/wp\/v2\/product"}],"about":[{"href":"https:\/\/hzdgruppe.de\/Repair-Tools\/wp-json\/wp\/v2\/types\/product"}],"version-history":[{"count":2,"href":"https:\/\/hzdgruppe.de\/Repair-Tools\/wp-json\/wp\/v2\/product\/3835\/revisions"}],"predecessor-version":[{"id":18934,"href":"https:\/\/hzdgruppe.de\/Repair-Tools\/wp-json\/wp\/v2\/product\/3835\/revisions\/18934"}],"wp:featuredmedia":[{"embeddable":true,"href":"https:\/\/hzdgruppe.de\/Repair-Tools\/wp-json\/wp\/v2\/media\/4092"}],"wp:attachment":[{"href":"https:\/\/hzdgruppe.de\/Repair-Tools\/wp-json\/wp\/v2\/media?parent=3835"}],"wp:term":[{"taxonomy":"product_brand","embeddable":true,"href":"https:\/\/hzdgruppe.de\/Repair-Tools\/wp-json\/wp\/v2\/product_brand?post=3835"},{"taxonomy":"product_cat","embeddable":true,"href":"https:\/\/hzdgruppe.de\/Repair-Tools\/wp-json\/wp\/v2\/product_cat?post=3835"},{"taxonomy":"product_tag","embeddable":true,"href":"https:\/\/hzdgruppe.de\/Repair-Tools\/wp-json\/wp\/v2\/product_tag?post=3835"}],"curies":[{"name":"wp","href":"https:\/\/api.w.org\/{rel}","templated":true}]}}